3/3 - a**2 - a - 8. Calculate q(-2).
7
Let q = 15 + -20. Let f(o) = o**2 + 5*o. What is f(q)?
0
Let l = -6 + 7. Let p(q) be the first derivative of -q**6/120 + q**4/24 + 2*q**3/3 - 1. Let j(k) be the third derivative of p(k). What is j(l)?
-2
Let x(j) be the first derivative of -j**5/120 + j**3 + 4. Let u(t) be the third derivative of x(t). Suppose 0 = 4*r - 4. What is u(r)?
-1
Let b(h) be the second derivative of 5*h**3/6 - 3*h**2/2 + 7*h. What is b(2)?
7
Let u(q) be the second derivative of -q**2 + 1/10*q**5 + 1/4*q**4 + 1/6*q**3 + 5*q + 0. What is u(-2)?
-8
Suppose -2*q + 0*q = 2*a - 4, -5*a + 2 = q. Let u(m) = -m**2 - 3*m + 1. Give u(q).
-9
Let h(k) be the second derivative of k**3 + 5*k**2/2 + k. Let m(b) = -b - 1. Let j(v) = -h(v) - 5*m(v). Let l(d) = -4*d + 34. Let g be l(7). What is j(g)?
-6
Let n(c) = -5*c**3 - c**2 + 1. Let h(a) = a**3 + 7*a**2 + 4*a + 1. Let s be h(-5). Suppose 4*t - s = -3*u, 9 = -3*t - t + 5*u. Let g = 3 - t. Determine n(g).
5
Let r(z) = z. Let k be r(3). Let v be -2*(-1 + k/6). Let b(o) = -2*o**2 - 2*o + 4*o**2 + o**3 + 1 + v. Give b(-3).
-1
Suppose 2*a - 35 = -3*i, -3*i - i - 5*a = -35. Let k = i - 12. Let h(y) = -y**2 + 3*y + 4. What is h(k)?
4
Let k(d) be the third derivative of -d**6/40 + d**5/20 + d**4/24 - d**3/3 + 3*d**2 + 10. Determine k(2).
-12
Suppose 2*t - 5*t + 9 = 0. Suppose -5*v - p = -6*p - 25, 3*v + t*p = -3. Let q(c) = -c**3 + 5*c**2 - 3 - 5*c - 2*c**v + 6*c**2 - 4*c**2. Give q(4).
-7
Let i(r) be the second derivative of r**5/20 + r**4/4 + r**3/6 + 2*r. Give i(-2).
2
Let w(s) = -s + 3. Let r be w(7). Let d(g) = -g**2 - 2*g + 4. Let i be d(r). Let m = i + 4. Let x(k) = k**3 - k**2 + k - 2. Calculate x(m).
-2
Let s(m) = m**3 - 11*m**2 + 3*m - 5. Let a(x) = -x**3 + 12*x**2 - 4*x + 4. Let w(g) = 3*a(g) + 4*s(g). Determine w(8).
-8
Let m(i) = -9*i**2. Let z(g) = -g**3 + 11*g**2 - 10*g. Let l be z(10). Let p(n) = n - 1. Let s be p(l). Give m(s).
-9
Let m(a) = -a - 2. Let w be 4/2*14/4. Determine m(w).
-9
Suppose 0 = 87*k - 84*k - 9. Let f(r) be the first derivative of -2/3*r**k - r - 3 - 1/4*r**4 + 2*r**2. What is f(-3)?
-4
Let m(q) = q**2 + 3*q - 1. Suppose w = 5*w - 28. Let n = -3 + w. Let r be (-3)/(-12) + (-21)/n. Calculate m(r).
9
Let p(s) = s - 2. Let x be p(-5). Let b(f) = -f - 6. Let z be b(x). Suppose 2*v + 5 = -z. Let m(q) = q**3 + 3*q**2 - 4*q. Give m(v).
12
Let s(r) = -3*r - 3*r + 20*r + 4. Let z(d) = 5*d + 1. Let p(a) = 6*s(a) - 17*z(a). Give p(5).
2
Let l(r) = -3*r**3 + 4*r**2 - 2*r - 1. Let x(j) = j**3 + j + 1. Let b(m) = -l(m) - 2*x(m). Determine b(4).
-1
Let r(b) = b**3 + 4*b**2 - 3*b + 7. Let y = -15 + 10. What is r(y)?
-3
Let g(n) be the third derivative of n**8/20160 + n**7/1008 + n**6/180 - n**5/20 + 3*n**2. Let c(u) be the third derivative of g(u). Determine c(-5).
4
Let u(v) = 3*v**3 - 6*v**2 - 2*v + 3. Let i(j) = 5*j**3 - 12*j**2 - 3*j + 6. Let n(w) = 4*i(w) - 7*u(w). Give n(-3).
-30
Let b(a) = a - 2. Let j = 5 + -3. Give b(j).
0
Let n(a) be the third derivative of -a**4/24 - a**3/3 + 18*a**2. Give n(-5).
3
Let y(n) = n**3 + n**2 + n + 2. Let i(p) = p**2 + p + 2. Let u(w) = -3*i(w) + 2*y(w). Let b = 2 + 4. Suppose -j = 2*j - b. Determine u(j).
8
Let c be (4/(-10))/((-28)/35)*14. Let y(a) = -a - 3. Calculate y(c).
-10
Let t = -19 - -25. Let k(y) = y**2 - 5*y + 9. Determine k(t).
15
Suppose 3*j - 4 = 5*v, 0*v = 5*j + 4*v - 19. Let k(d) = -d + 1. Determine k(j).
-2
Suppose -4*t = -2*s - s - 9, -t = 0. Let z be 0/(s/(0 - 3)). Let a(j) = j - 1. Give a(z).
-1
Let k(y) = y**3 - y**2 - y + 1. Let l(s) = -3*s**3 - 2*s**2 + s - 1. Let b be ((-3)/(-9))/((-1)/(-3)). Let d(z) = b*l(z) + k(z). Give d(-2).
4
Let g(q) = -12*q**3 - q**2 + 5*q - 3. Let w(v) = -v**2 + 2*v - 1. Let k(u) = -g(u) + 3*w(u). Suppose -5*s - 5*l = -10, 0 = -2*s - 0*s + 5*l - 3. Calculate k(s).
11
Let q be 2/7 + (-132)/21. Let u(c) = -3*c - 2. Let w(i) = 7*i + 4. Let d(n) = 5*u(n) + 2*w(n). Calculate d(q).
4
Let r(h) = 8*h + 1. Let n(l) = l - 6. Suppose -2*c + 3*c - 43 = -3*z, -3*z - 3*c = -39. Let m = -10 + z. Let y be n(m). Calculate r(y).
-7
Let a = 10 + -8. Let o be a/(-7) + (-102)/(-14). Let n(w) = -w**2 + 8*w - 3. Calculate n(o).
4
Let r(h) be the second derivative of -h**5/20 - h**3/3 - h**2/2 + h. Let s(g) = -g + 7. Let x(j) = -2*j - 2. Let l be x(-5). Let b be s(l). Give r(b).
2
Let c(v) = -4*v + v - 5 + 2 + v. What is c(-2)?
1
Let j(z) = -3*z + z - z + 2*z - 1. Suppose -3*h - 2 = -4*n, -3*n - 2*n = -4*h - 2. Calculate j(h).
-3
Let c(z) = -15*z + 3 + 13*z + z**3 + 2 - 6 - 2*z**2. Determine c(-1).
-2
Let v(k) = -k**3 + 4*k**2 - 3*k + 6. Let y be (-68)/(-18) - (-14)/63. Calculate v(y).
-6
Let h(n) be the third derivative of 0*n + 1/60*n**5 - 3*n**2 + 0 + 0*n**4 - 1/3*n**3. Calculate h(-2).
2
Suppose -2*l = -l - 10. Suppose 3*d - j = -l, 5*d - 2*d + 5 = -4*j. Let k(r) = -r + 4. Give k(d).
7
Let z(b) = 14 + 2*b - 14 - b. Suppose -u - 2 = -3. Give z(u).
1
Let b(w) = -w**2 + 3*w - 2. Let z = -16 + 18. Calculate b(z).
0
Let x(i) = 15*i - 11. Let d(t) = -5*t + 4. Let q(g) = 17*d(g) + 6*x(g). Give q(3).
17
Let t(v) = v**2 + 4*v + 4. Let g be 2/(4/2)*3. Suppose -4*s - 7 = -2*m - g*s, 5*s - 5 = 2*m. Suppose -m*u - 18 - 2 = 0. Give t(u).
4
Let j(b) = b**2 + 5*b - 1. Let x be j(-6). Let m(d) = -d**3 + 4*d**2 + 3*d + 5. Let i be m(x). Let r(z) = z**3 + 6*z**2 + 6*z - 1. What is r(i)?
-6
Let n(r) = -2*r. Suppose -17 = 6*f + 1. Calculate n(f).
6
Let y(c) = -c**3 - 8*c**2 - c + 3. Let x(i) = -5*i**3 - 41*i**2 - 4*i + 15. Let g(l) = 2*x(l) - 11*y(l). What is g(-4)?
17
Let r(h) = -h**3 + 2*h**2 - 3*h + 2. Suppose 0 = 2*t + 13 - 17. What is r(t)?
-4
Let d(o) = -2*o**3 + 7*o**2 - 5*o - 1. Let h(l) = -l**3 + 8*l**2 - 6*l - 1. Let n(s) = -6*d(s) + 5*h(s). Calculate n(1).
6
Let m be ((-3)/(-2))/((-3)/(-6)). Suppose -k + m*k - 11 = -3*r, 2*k + r - 5 = 0. Let o(y) = -9*y**3 + 2*y**2 - 1. What is o(k)?
-8
Let a be (6 - 8)*(-5)/(-2). Let s(p) = -3*p - 7. Give s(a).
8
Let p(m) = -m**3 + 12*m**2 - 4. Let g be p(12). Let z be (2/g)/((-5)/10). Let y(v) = -4*v**2 - v + 1. Give y(z).
-4
Let r(n) = n**3 - 6*n**2 + n - 8. Let t(d) = 3*d - 6. Let w(j) = 4*j - 7. Let k(m) = 6*t(m) - 5*w(m). Let u be k(-1). Let l be 4*u*3/2. Give r(l).
-2
Let t(s) = s. Let u(q) = q**2 + 6*q - 3. Let r be u(-7). What is t(r)?
4
Let a(j) = -11*j + 26. Let c(k) = 7*k - 17. Let l(d) = 5*a(d) + 8*c(d). What is l(9)?
3
Let o(d) = -d**3 - 2*d**2 + d - 3. Let g be (-4)/(-18) - (-3260)/(-90). Let j be 9/15 - g/(-10). Give o(j).
3
Let k(l) = -l**2 + 4*l - 4. Let d be k(3). Let m(b) = b**3 + b**2 + b + 1. What is m(d)?
0
Let b(p) = 5 - 2*p - 4 + p. Let j(n) = n**2 - 3*n + 2. Let v be j(4). Calculate b(v).
-5
Let j(r) = 2*r**2 - r + 1. Let h be j(1). Let a = 3 + h. Let b(y) = y**2 - 3*y - 5. Calculate b(a).
5
Let l(x) = x**3 - 4*x**2 + 2. Let t(y) = -5*y**2 + 8*y**2 - 9*y**2 + 7 - y**3 - 3*y. Let p be t(-5). Let u(h) = -h. Let j be u(p). Calculate l(j).
-7
Suppose v = 5*d + 21, 0 = -5*d - 2*v - 14 - 4. Let y be (d/(-6))/((-12)/90). Let f(q) = q**3 + 4*q**2 - 3*q + 3. Determine f(y).
-7
Let g(p) = 5*p. Let c(o) = o**2 - 10*o + 3. Let d be c(10). Let r = d + -2. Calculate g(r).
5
Let f(s) be the third derivative of 6*s**2 - 5/24*s**4 + 0*s - 1/15*s**5 - 1/2*s**3 - 1/120*s**6 + 0. Let d be 2/(2/3*-1). What is f(d)?
3
Let y(x) be the second derivative of -x**5/20 + x**4/2 + 2*x**2 + 3*x. Let h = 4 + 0. Suppose h - 22 = -3*f. Calculate y(f).
4
Let b(o) = 5*o**3 + o**2 + 3*o - 2. Let d(u) = 4*u**3 + 2*u - 2. Let k(f) = -5*b(f) + 6*d(f). What is k(-4)?
-6
Let i(t) = -t**2 - 4*t + 3. Let o(j) = -j**2 - j + 2. Let h(g) = -g**2 - g + 3. Let m be h(-3). Let p be (2/m)/(6/(-18)). Let s be o(p). Give i(s).
3
Let w(x) = x**2 + x. Suppose -7*c = -6*c. Calculate w(c).
0
Suppose -3*t + 4*f + 13 = 2*f, -2*f - 14 = -4*t. Let n be (t/2)/((-4)/(-8)). Let r(j) = -7*j. Calculate r(n).
-7
Let t(x) = x**3 + 3*x**2 + x - 4. Let j(k) = 3*k**3 - k**2 - 2*k - 1. Let z be j(-1). What is t(z)?
-7
Let x(j) = 4*j - 4*j - 4*j + 3*j - 11. Let w be x(-8). Let d(k) = -3*k - 4. Determine d(w).
5
Let c(r) = -r**3 + 4*r**2 - r - 4. Let y(m) = m**3 - 11*m**2 - 11*m - 9. Let d be y(12). Give c(d).
2
Let t be (-33)/(-12) + (-4)/(-16). Let z(l) = l**t - 4 - 1 + 0 + 3 + l. What is z(0)?
-2
Let h(f) = 6*f**3 + 5*f - 1. 